{"id":651,"date":"2025-03-07T10:01:25","date_gmt":"2025-03-07T10:01:25","guid":{"rendered":"https:\/\/salgueiras.org\/?page_id=651"},"modified":"2025-03-07T10:05:28","modified_gmt":"2025-03-07T10:05:28","slug":"aviso-legal","status":"publish","type":"page","link":"https:\/\/salgueiras.org\/index.php\/aviso-legal\/","title":{"rendered":"Aviso Legal"},"content":{"rendered":"<p>[et_pb_section fb_built=\u00bb1&#8243; _builder_version=\u00bb4.27.4&#8243; _module_preset=\u00bbdefault\u00bb global_colors_info=\u00bb{}\u00bb][et_pb_row _builder_version=\u00bb4.27.4&#8243; _module_preset=\u00bbdefault\u00bb global_colors_info=\u00bb{}\u00bb][et_pb_column type=\u00bb4_4&#8243; _builder_version=\u00bb4.27.4&#8243; _module_preset=\u00bbdefault\u00bb global_colors_info=\u00bb{}\u00bb][et_pb_text _builder_version=\u00bb4.27.4&#8243; _module_preset=\u00bbdefault\u00bb global_colors_info=\u00bb{}\u00bb]<\/p>\n<header class=\"et-l et-l--header\">\n<div class=\"et_builder_inner_content et_pb_gutters3\">\n<div id=\"subvencion_Cetus\" class=\"et_pb_section et_pb_section_0_tb_header et_pb_with_background et_section_regular et_pb_section--absolute\">\n<div class=\"et_pb_row et_pb_row_0_tb_header et_pb_row_5col\">\n<div class=\"et_pb_column et_pb_column_1_5 et_pb_column_1_tb_header  et_pb_css_mix_blend_mode_passthrough et_pb_column_empty\" style=\"text-align: left;\"><\/div>\n<div class=\"et_pb_column et_pb_column_1_5 et_pb_column_2_tb_header  et_pb_css_mix_blend_mode_passthrough et_pb_column_empty\" style=\"text-align: left;\"><\/div>\n<div class=\"et_pb_column et_pb_column_1_5 et_pb_column_3_tb_header  et_pb_css_mix_blend_mode_passthrough et_pb_column_empty\" style=\"text-align: left;\"><\/div>\n<\/div>\n<\/div>\n<\/div>\n<\/header>\n<div><\/div>\n<header class=\"et-l et-l--header\">\n<div class=\"et_builder_inner_content et_pb_gutters3\">\n<div id=\"subvencion_Cetus\" class=\"et_pb_section et_pb_section_0_tb_header et_pb_with_background et_section_regular et_pb_section--absolute\">\n<div class=\"et_pb_row et_pb_row_0_tb_header et_pb_row_5col\">\n<div style=\"text-align: left;\"><\/div>\n<div><\/div>\n<div class=\"et_pb_column et_pb_column_1_5 et_pb_column_4_tb_header  et_pb_css_mix_blend_mode_passthrough et-last-child\" style=\"text-align: left;\"><span style=\"color: #333333; font-size: 26px;\">Aviso Legal<\/span><\/div>\n<\/div>\n<\/div>\n<\/div>\n<\/header>\n<div id=\"et-main-area\">\n<div id=\"main-content\">\n<article id=\"post-679\" class=\"post-679 page type-page status-publish hentry\">\n<div class=\"entry-content\">\n<div class=\"et-l et-l--post\">\n<div class=\"et_builder_inner_content et_pb_gutters3\">\n<div class=\"et_pb_section et_pb_section_0 et_section_regular\">\n<div class=\"et_pb_row et_pb_row_0\">\n<div class=\"et_pb_column et_pb_column_4_4 et_pb_column_0  et_pb_css_mix_blend_mode_passthrough et-last-child\">\n<div class=\"et_pb_module et_pb_text et_pb_text_0  et_pb_text_align_left et_pb_bg_layout_light\">\n<div class=\"et_pb_text_inner\">\n<h3 style=\"text-align: left;\"><\/h3>\n<p style=\"text-align: left;\">El presente aviso legal recoge las condiciones generales que regulan el acceso y utilizaci\u00f3n del sitio web www.salgueiras.org, (en adelante, \u201cel sitio web\u201d o \u201cp\u00e1gina web\u201d), que FUNDACI\u00d3N AS SALGUEIRAS pone gratuitamente a disposici\u00f3n de los usuarios de internet.<\/p>\n<p style=\"text-align: left;\">Para dar cumplimiento a lo establecido en la Ley 34\/2002, de 11 de julio, de servicios de la informaci\u00f3n y de comercio electr\u00f3nico, a continuaci\u00f3n, se indican los datos de titularidad del sitio web e informaci\u00f3n general.<\/p>\n<p style=\"text-align: left;\">Denominaci\u00f3n Social: FUNDACI\u00d3N AS SALGUEIRAS (en adelante, \u201cAS SALGUEIRAS\u201d).<\/p>\n<p style=\"text-align: left;\"><strong>Domicilio social:<\/strong>\u00a0Lugar de As Salgueiras, Soandres, 15145, Laracha \u2013 A Coru\u00f1a<\/p>\n<p style=\"text-align: left;\"><strong>CIF:<\/strong>\u00a0G70288204<\/p>\n<p style=\"text-align: left;\"><strong>E-mail:<\/strong>\u00a0<a href=\"mailto:fundacion@salgueiras.org\">fundacion@salgueiras.org<\/a><\/p>\n<p style=\"text-align: left;\"><strong>Tel\u00e9fono:<\/strong>\u00a0981685252<\/p>\n<h2 style=\"text-align: left;\"><\/h2>\n<h2 style=\"text-align: left;\"><\/h2>\n<h2 style=\"text-align: left;\">Condiciones generales del sitio web<\/h2>\n<p style=\"text-align: left;\">El acceso y\/o uso del sitio web atribuye a quien lo realiza la condici\u00f3n de Usuario, aceptando, desde ese mismo momento, plenamente y sin reservas alguna, las presentes Condiciones Generales, as\u00ed como las Condiciones Particulares que, en su caso, complementen, modifiquen o sustituyan las Condiciones Generales en relaci\u00f3n con determinados servicios y contenidos del Sitio web.<\/p>\n<p style=\"text-align: left;\">El titular de este sitio web podr\u00e1 modificar unilateralmente y sin previo aviso, siempre que lo considere oportuno, la estructura y dise\u00f1o del sitio web, as\u00ed como modificar o eliminar, los servicios, los contenidos y las condiciones de acceso y\/o uso del mismo.<\/p>\n<p style=\"text-align: left;\">A trav\u00e9s del sitio web, AS SALGUEIRAS ofrece a los Usuarios la posibilidad de conocer la empresa, sus productos y servicios. El presente aviso legal regula el acceso, navegaci\u00f3n y uso de la presente p\u00e1gina web.<\/p>\n<h2 style=\"text-align: left;\"><\/h2>\n<h2 style=\"text-align: left;\"><\/h2>\n<h2 style=\"text-align: left;\"><\/h2>\n<h2 style=\"text-align: left;\">Propiedad industrial e intelectual<\/h2>\n<p style=\"text-align: left;\">Todos los contenidos incluidos en el sitio web y, en particular, las marcas, nombres comerciales, dise\u00f1os industriales, dise\u00f1os, textos, fotograf\u00edas, gr\u00e1ficos, logotipos, iconos, software y cualesquiera otros signos o elementos susceptibles de utilizaci\u00f3n industrial y\/o comercial est\u00e1n protegidos por los derechos de propiedad industrial e intelectual de los titulares del Sitio web o de terceros titulares de los mismos que han autorizado su inclusi\u00f3n en el sitio web. Queda, por lo tanto, expresamente prohibida cualquier utilizaci\u00f3n y\/o reproducci\u00f3n de tales marcas, nombres comerciales, dise\u00f1os industriales, dise\u00f1os, textos, fotograf\u00edas, gr\u00e1ficos, logotipos, iconos, software y dem\u00e1s signos o elementos susceptibles de utilizaci\u00f3n industrial y\/o comercial, sin el consentimiento expreso y por escrito de los titulares del sitio web.<\/p>\n<p style=\"text-align: left;\">El titular del sitio web no ser\u00e1 responsable de la infracci\u00f3n de los derechos de propiedad intelectual o industrial correspondientes a terceros que pudiera derivarse de la inclusi\u00f3n en el sitio web de marcas, nombres comerciales, dise\u00f1os industriales, dise\u00f1os, textos, fotograf\u00edas, gr\u00e1ficos, logotipos, iconos, software y cualesquiera otros signos o elementos susceptibles de utilizaci\u00f3n industrial y\/o comercial pertenecientes a terceros que hayan declarado ser titulares de los mismos y autorizado su inclusi\u00f3n en el sitio web.El titular del sitio web no ser\u00e1 responsable de la infracci\u00f3n de los derechos de propiedad intelectual o industrial correspondientes a terceros que pudiera derivarse de la inclusi\u00f3n en el sitio web de marcas, nombres comerciales, dise\u00f1os industriales, dise\u00f1os, textos, fotograf\u00edas, gr\u00e1ficos, logotipos, iconos, software y cualesquiera otros signos o elementos susceptibles de utilizaci\u00f3n industrial y\/o comercial pertenecientes a terceros que hayan declarado ser titulares de los mismos y autorizado su inclusi\u00f3n en el sitio web.<\/p>\n<p style=\"text-align: left;\">En ning\u00fan caso se entender\u00e1 que el acceso al sitio web y la navegaci\u00f3n a trav\u00e9s del mismo del Usuario comportan renuncia, transmisi\u00f3n, o cesi\u00f3n total o parcial de los antes citados derechos por parte del titular del Sitio web o de los titulares correspondientes, ni la concesi\u00f3n de derecho, expectativa de derecho, o autorizaci\u00f3n alguna para alterar, transformar, explotar, reproducir, distribuir o comunicar p\u00fablicamente los contenidos incluidos en el sitio web, cuya alteraci\u00f3n, transformaci\u00f3n, explotaci\u00f3n, reproducci\u00f3n, distribuci\u00f3n o comunicaci\u00f3n p\u00fablica requerir\u00e1, en todo caso, de la previa y expresa autorizaci\u00f3n por escrito del titular del sitio web o de los titulares correspondientes.<\/p>\n<p style=\"text-align: left;\">El titular del sitio web no ser\u00e1 responsable del contenido de las p\u00e1ginas web de destino que se establezcan mediante v\u00ednculos en el sitio web, ni tampoco de las infracciones de derechos de terceros en las que dichas p\u00e1ginas pudieran incurrir.<\/p>\n<p style=\"text-align: left;\">El titular del sitio web no se hace responsable, en ning\u00fan caso, de los da\u00f1os y perjuicios de cualquier naturaleza que pudieran ocasionar, a t\u00edtulo enunciativo: errores u omisiones en los contenidos, falta de disponibilidad del sitio web, la correcta visualizaci\u00f3n, o la transmisi\u00f3n de virus o programas maliciosos o lesivos en los contenidos, a pesar de haber adoptado todas las medidas tecnol\u00f3gicas necesarias para evitarlo.<\/p>\n<h2 style=\"text-align: left;\"><\/h2>\n<h2 style=\"text-align: left;\"><\/h2>\n<h2 style=\"text-align: left;\"><\/h2>\n<h2 style=\"text-align: left;\"><\/h2>\n<h2 style=\"text-align: left;\">Reglas de uso de la p\u00e1gina web<\/h2>\n<p style=\"text-align: left;\">El usuario se obliga a hacer un uso correcto de la p\u00e1gina web de conformidad con la Ley y con las presentes condiciones. El usuario responder\u00e1 frente al titular de este sitio web y frente a terceros por cualquier da\u00f1o y perjuicio que pudiera causar el incumplimiento de esta obligaci\u00f3n.<\/p>\n<p style=\"text-align: left;\">El acceso a esta p\u00e1gina web tiene car\u00e1cter gratuito. Sus contenidos tienen un valor meramente informativo y su \u00fanica finalidad es mostrar a los clientes y usuarios de la web informaci\u00f3n corporativa de AS SALGUEIRAS y de sus productos y servicios.<\/p>\n<h2 style=\"text-align: left;\"><\/h2>\n<h2 style=\"text-align: left;\"><\/h2>\n<h2 style=\"text-align: left;\"><\/h2>\n<h2 style=\"text-align: left;\">Exclusi\u00f3n de responsabilidad<\/h2>\n<p style=\"text-align: left;\">\u00a0Por la calidad de la informaci\u00f3n: el acceso al Sitio web no implica obligaci\u00f3n por parte de AS SALGUEIRAS de comprobar la veracidad, exactitud y actualidad de la informaci\u00f3n suministrada.<\/p>\n<p style=\"text-align: left;\">\u00a0Por la calidad del servicio: el acceso al Sitio web no implica obligaci\u00f3n por parte de AS SALGUEIRAS de controlar la ausencia de virus y\/o cualquier componente da\u00f1ino en el sitio web o servidor que lo suministra. En todo caso, corresponde al usuario la disponibilidad de herramientas t\u00e9cnicas de seguridad adecuadas para la detecci\u00f3n y desinfecci\u00f3n de programas inform\u00e1ticos da\u00f1inos.<\/p>\n<p style=\"text-align: left;\">Por la disponibilidad del servicio: AS SALGUEIRAS no garantiza ni se hace responsable de la continuidad de los contenidos del sitio web. Por consiguiente, los servicios suministrados a trav\u00e9s de este Sitio web pueden ser suspendidos o cancelados en cualquier momento por el titular del mismo, no haci\u00e9ndose responsable de los da\u00f1os causados a terceros.<\/p>\n<h2 style=\"text-align: left;\"><\/h2>\n<h2 style=\"text-align: left;\"><\/h2>\n<h2 style=\"text-align: left;\"><\/h2>\n<h2 style=\"text-align: left;\">Legislaci\u00f3n aplicable<\/h2>\n<p style=\"text-align: left;\">Las relaciones establecidas entre el Usuario y el titular del sitio web, se regir\u00e1n conforme a lo dispuesto en la legislaci\u00f3n espa\u00f1ola aplicable vigente y se someter\u00e1n a la jurisdicci\u00f3n de los Juzgados y Tribunales de A Coru\u00f1a.<\/p>\n<p style=\"text-align: left;\">En Cerceda, a 07 de marzo de 2025.<\/p>\n<\/div>\n<\/div>\n<\/div>\n<\/div>\n<\/div>\n<\/div>\n<\/div>\n<\/div>\n<\/article>\n<\/div>\n<\/div>\n<p>[\/et_pb_text][\/et_pb_column][\/et_pb_row][\/et_pb_section]<\/p>\n","protected":false},"excerpt":{"rendered":"<p>Aviso Legal El presente aviso legal recoge las condiciones generales que regulan el acceso y utilizaci\u00f3n del sitio web www.salgueiras.org, (en adelante, \u201cel sitio web\u201d o \u201cp\u00e1gina web\u201d), que FUNDACI\u00d3N AS SALGUEIRAS pone gratuitamente a disposici\u00f3n de los usuarios de internet. Para dar cumplimiento a lo establecido en la Ley 34\/2002, de 11 de julio, [&hellip;]<\/p>\n","protected":false},"author":3,"featured_media":0,"parent":0,"menu_order":0,"comment_status":"closed","ping_status":"closed","template":"","meta":{"_et_pb_use_builder":"on","_et_pb_old_content":"","_et_gb_content_width":"","_monsterinsights_skip_tracking":false,"_monsterinsights_sitenote_active":false,"_monsterinsights_sitenote_note":"","_monsterinsights_sitenote_category":0,"_uf_show_specific_survey":0,"_uf_disable_surveys":false,"footnotes":""},"class_list":["post-651","page","type-page","status-publish","hentry"],"yoast_head":"<!-- This site is optimized with the Yoast SEO plugin v27.5 - https:\/\/yoast.com\/product\/yoast-seo-wordpress\/ -->\n<title>Aviso Legal - As Salgueiras<\/title>\n<meta name=\"robots\" content=\"index, follow, max-snippet:-1, max-image-preview:large, max-video-preview:-1\" \/>\n<link rel=\"canonical\" href=\"https:\/\/salgueiras.org\/index.php\/aviso-legal\/\" \/>\n<meta property=\"og:locale\" content=\"es_ES\" \/>\n<meta property=\"og:type\" content=\"article\" \/>\n<meta property=\"og:title\" content=\"Aviso Legal - As Salgueiras\" \/>\n<meta property=\"og:description\" content=\"Aviso Legal El presente aviso legal recoge las condiciones generales que regulan el acceso y utilizaci\u00f3n del sitio web www.salgueiras.org, (en adelante, \u201cel sitio web\u201d o \u201cp\u00e1gina web\u201d), que FUNDACI\u00d3N AS SALGUEIRAS pone gratuitamente a disposici\u00f3n de los usuarios de internet. Para dar cumplimiento a lo establecido en la Ley 34\/2002, de 11 de julio, [&hellip;]\" \/>\n<meta property=\"og:url\" content=\"https:\/\/salgueiras.org\/index.php\/aviso-legal\/\" \/>\n<meta property=\"og:site_name\" content=\"As Salgueiras\" \/>\n<meta property=\"article:modified_time\" content=\"2025-03-07T10:05:28+00:00\" \/>\n<meta name=\"twitter:card\" content=\"summary_large_image\" \/>\n<meta name=\"twitter:label1\" content=\"Tiempo de lectura\" \/>\n\t<meta name=\"twitter:data1\" content=\"6 minutos\" \/>\n<script type=\"application\/ld+json\" class=\"yoast-schema-graph\">{\"@context\":\"https:\\\/\\\/schema.org\",\"@graph\":[{\"@type\":\"WebPage\",\"@id\":\"https:\\\/\\\/salgueiras.org\\\/index.php\\\/aviso-legal\\\/\",\"url\":\"https:\\\/\\\/salgueiras.org\\\/index.php\\\/aviso-legal\\\/\",\"name\":\"Aviso Legal - As Salgueiras\",\"isPartOf\":{\"@id\":\"https:\\\/\\\/salgueiras.org\\\/#website\"},\"datePublished\":\"2025-03-07T10:01:25+00:00\",\"dateModified\":\"2025-03-07T10:05:28+00:00\",\"breadcrumb\":{\"@id\":\"https:\\\/\\\/salgueiras.org\\\/index.php\\\/aviso-legal\\\/#breadcrumb\"},\"inLanguage\":\"es\",\"potentialAction\":[{\"@type\":\"ReadAction\",\"target\":[\"https:\\\/\\\/salgueiras.org\\\/index.php\\\/aviso-legal\\\/\"]}]},{\"@type\":\"BreadcrumbList\",\"@id\":\"https:\\\/\\\/salgueiras.org\\\/index.php\\\/aviso-legal\\\/#breadcrumb\",\"itemListElement\":[{\"@type\":\"ListItem\",\"position\":1,\"name\":\"Portada\",\"item\":\"https:\\\/\\\/salgueiras.org\\\/\"},{\"@type\":\"ListItem\",\"position\":2,\"name\":\"Aviso Legal\"}]},{\"@type\":\"WebSite\",\"@id\":\"https:\\\/\\\/salgueiras.org\\\/#website\",\"url\":\"https:\\\/\\\/salgueiras.org\\\/\",\"name\":\"As Salgueiras\",\"description\":\"La Fundaci\u00f3n en Entorno Verde\",\"potentialAction\":[{\"@type\":\"SearchAction\",\"target\":{\"@type\":\"EntryPoint\",\"urlTemplate\":\"https:\\\/\\\/salgueiras.org\\\/?s={search_term_string}\"},\"query-input\":{\"@type\":\"PropertyValueSpecification\",\"valueRequired\":true,\"valueName\":\"search_term_string\"}}],\"inLanguage\":\"es\"}]}<\/script>\n<!-- \/ Yoast SEO plugin. -->","yoast_head_json":{"title":"Aviso Legal - As Salgueiras","robots":{"index":"index","follow":"follow","max-snippet":"max-snippet:-1","max-image-preview":"max-image-preview:large","max-video-preview":"max-video-preview:-1"},"canonical":"https:\/\/salgueiras.org\/index.php\/aviso-legal\/","og_locale":"es_ES","og_type":"article","og_title":"Aviso Legal - As Salgueiras","og_description":"Aviso Legal El presente aviso legal recoge las condiciones generales que regulan el acceso y utilizaci\u00f3n del sitio web www.salgueiras.org, (en adelante, \u201cel sitio web\u201d o \u201cp\u00e1gina web\u201d), que FUNDACI\u00d3N AS SALGUEIRAS pone gratuitamente a disposici\u00f3n de los usuarios de internet. Para dar cumplimiento a lo establecido en la Ley 34\/2002, de 11 de julio, [&hellip;]","og_url":"https:\/\/salgueiras.org\/index.php\/aviso-legal\/","og_site_name":"As Salgueiras","article_modified_time":"2025-03-07T10:05:28+00:00","twitter_card":"summary_large_image","twitter_misc":{"Tiempo de lectura":"6 minutos"},"schema":{"@context":"https:\/\/schema.org","@graph":[{"@type":"WebPage","@id":"https:\/\/salgueiras.org\/index.php\/aviso-legal\/","url":"https:\/\/salgueiras.org\/index.php\/aviso-legal\/","name":"Aviso Legal - As Salgueiras","isPartOf":{"@id":"https:\/\/salgueiras.org\/#website"},"datePublished":"2025-03-07T10:01:25+00:00","dateModified":"2025-03-07T10:05:28+00:00","breadcrumb":{"@id":"https:\/\/salgueiras.org\/index.php\/aviso-legal\/#breadcrumb"},"inLanguage":"es","potentialAction":[{"@type":"ReadAction","target":["https:\/\/salgueiras.org\/index.php\/aviso-legal\/"]}]},{"@type":"BreadcrumbList","@id":"https:\/\/salgueiras.org\/index.php\/aviso-legal\/#breadcrumb","itemListElement":[{"@type":"ListItem","position":1,"name":"Portada","item":"https:\/\/salgueiras.org\/"},{"@type":"ListItem","position":2,"name":"Aviso Legal"}]},{"@type":"WebSite","@id":"https:\/\/salgueiras.org\/#website","url":"https:\/\/salgueiras.org\/","name":"As Salgueiras","description":"La Fundaci\u00f3n en Entorno Verde","potentialAction":[{"@type":"SearchAction","target":{"@type":"EntryPoint","urlTemplate":"https:\/\/salgueiras.org\/?s={search_term_string}"},"query-input":{"@type":"PropertyValueSpecification","valueRequired":true,"valueName":"search_term_string"}}],"inLanguage":"es"}]}},"_links":{"self":[{"href":"https:\/\/salgueiras.org\/index.php\/wp-json\/wp\/v2\/pages\/651","targetHints":{"allow":["GET"]}}],"collection":[{"href":"https:\/\/salgueiras.org\/index.php\/wp-json\/wp\/v2\/pages"}],"about":[{"href":"https:\/\/salgueiras.org\/index.php\/wp-json\/wp\/v2\/types\/page"}],"author":[{"embeddable":true,"href":"https:\/\/salgueiras.org\/index.php\/wp-json\/wp\/v2\/users\/3"}],"replies":[{"embeddable":true,"href":"https:\/\/salgueiras.org\/index.php\/wp-json\/wp\/v2\/comments?post=651"}],"version-history":[{"count":0,"href":"https:\/\/salgueiras.org\/index.php\/wp-json\/wp\/v2\/pages\/651\/revisions"}],"wp:attachment":[{"href":"https:\/\/salgueiras.org\/index.php\/wp-json\/wp\/v2\/media?parent=651"}],"curies":[{"name":"wp","href":"https:\/\/api.w.org\/{rel}","templated":true}]}}